{"id":1244,"date":"2019-02-19T22:24:54","date_gmt":"2019-02-19T22:24:54","guid":{"rendered":"https:\/\/bollicine.org\/?page_id=1244"},"modified":"2019-05-29T07:40:53","modified_gmt":"2019-05-29T07:40:53","slug":"casa-clementina","status":"publish","type":"page","link":"https:\/\/bollicine.org\/?page_id=1244","title":{"rendered":"Casa Clementina"},"content":{"rendered":"<p>[vc_row css_animation=&#8221;&#8221; row_type=&#8221;row&#8221; use_row_as_full_screen_section=&#8221;no&#8221; type=&#8221;full_width&#8221; angled_section=&#8221;no&#8221; text_align=&#8221;left&#8221; background_image_as_pattern=&#8221;without_pattern&#8221;][vc_column width=&#8221;1\/2&#8243;][vc_column_text]<\/p>\r\n<p class=\"has-text-color has-vivid-cyan-blue-color wp-block-paragraph\" style=\"font-size: 24px;\">Casa Clementina<\/p>\r\n\r\n<p>&nbsp;<\/p>\r\n\r\n<div class=\"wp-block-spacer\" style=\"height: 30px;\" aria-hidden=\"true\">\u00a0<\/div>\r\n<p>\r\n\r\nIl progetto \u201cCasa Clementina\u201d nasce dall&#8217;esito positivo di esperienze di residenzialit\u00e0 e vita indipendente condotte dalle Bollicine insieme all&#8217;<strong>ASEDO<\/strong> e all&#8217;<strong>Associazione Pubblica Assistenza di Siena<\/strong>. Dal 2015 il progetto si consolida grazie a \u201cCasa Clementina\u201d. L&#8217;abitazione situata a Porta Tufi \u00e8 concessa dall&#8217;<strong>ASP Citt\u00e0 di Siena<\/strong>, grazie ad una Convenzione che garantisce la continuit\u00e0 dell\u2019Esperienza. I ragazzi si confrontano ogni giorno per imparare a gestire gli spazi domestici, ad organizzare la loro permanenza nella Casa, a considerarla punto di riferimento nella Citt\u00e0 e nella loro vita. Il sogno \u00e8 quello di fornire gli strumenti e le capacit\u00e0 per condurre una vita indipendente ed autonoma.<\/p>\r\n<p class=\"wp-block-paragraph\">\u201cCasa Clementina partecipa alla co-progettazione con la Societ\u00e0 della Salute Senese per la realizzazione di interventi previsti dalla Legge 112 del 2016 sul \u201cDopo di Noi\u201d.<\/p>\r\n\r\n<p>&nbsp;<\/p>\r\n\r\n<div class=\"wp-block-spacer\" style=\"height: 30px;\" aria-hidden=\"true\">\u00a0<\/div>\r\n<ul>\r\n<li><strong><a href=\"https:\/\/it-it.facebook.com\/CasaClementinaSiena\/\">Visita la pagina Facebook di Casa Clementina.<\/a><\/strong><\/li>\r\n<li><strong><a href=\"https:\/\/www.ars.toscana.it\/dopo_di_noi\/\" target=\"_blank\" rel=\"noreferrer noopener\" aria-label=\" (si apre in una nuova scheda)\">Dopo di noi<\/a><\/strong><\/li>\r\n<\/ul>\r\n\r\n<p lang=\"it-IT\" align=\"JUSTIFY\"><\/p>\r\n<div class=\"wp-block-spacer\" style=\"height: 100px;\" aria-hidden=\"true\">\u00a0<\/div>\r\n\r\n<p>[\/vc_column_text][\/vc_column][vc_column width=&#8221;1\/2&#8243;][vc_empty_space height=&#8221;90px&#8221;][vc_gallery interval=&#8221;5&#8243; images=&#8221;956,953,1628,1632,1630,1629,1631,1774&#8243; img_size=&#8221;full&#8221;][\/vc_column][\/vc_row][vc_row css_animation=&#8221;&#8221; row_type=&#8221;row&#8221; use_row_as_full_screen_section=&#8221;no&#8221; type=&#8221;full_width&#8221; angled_section=&#8221;no&#8221; text_align=&#8221;left&#8221; background_image_as_pattern=&#8221;without_pattern&#8221;][vc_column][vc_column_text]<\/p>\r\n<p><span style=\"color: #000000;\">Accanto a &#8220;Casa Clementina&#8221;, sorge anche &#8220;Casa Fragola&#8221;.<\/span><\/p>\r\n<p><span style=\"font-family: Calibri, sans-serif; color: #000000;\"><span style=\"font-size: small;\"><span style=\"font-family: Futura Std Book, sans-serif;\">Il nuovo appartamento, messo a disposizione dall&#8217;ASP Citt\u00e0 di Siena, \u00e8 destinato ad esperienze di residenzialit\u00e0 settimanali. Inizialmente si alterneranno otto persone e due di loro sperimenteranno ben due settimane in autonomia. A Casa Fragola non \u00e8 prevista la presenza notturna dei volontari Il personale educativo interviene solo per sostenere e accompagnare le persone nei propri percorsi di vita indipendente.<\/span><\/span><\/span><\/p>\r\n<p><span style=\"color: #000000;\">La realizzazione del progetto \u00e8 stato possibile anche grazie al prezioso contributo della Fondazione Monte dei Paschi di Siena che ha promosso la campagna di Crowfunding, ed al sostegno di chi ha aderito alla campagna,\u00a0 con cui \u00e8 stato possibile realizzare parte della ristrutturazione e acquistare parte degli arredi di Casa Fragola.\u00a0<\/span><\/p>\r\n<p><span style=\"font-family: Calibri, sans-serif; color: #000000;\"><span style=\"font-size: small;\"><span style=\"font-family: Futura Std Book, sans-serif;\">Questo progetto vuole offrire a ogni partecipante una possibilit\u00e0 per costruire il proprio percorso di vita\u201d.<\/span><\/span><\/span><\/p>\r\n<p><a href=\"https:\/\/bollicine.org\/wp-content\/uploads\/2019\/05\/Inaugurazione-Fragola-20.jpg\"><br \/><img loading=\"lazy\" decoding=\"async\" class=\"wp-image-1765 alignright\" src=\"https:\/\/bollicine.org\/wp-content\/uploads\/2019\/05\/Inaugurazione-Fragola-20.jpg\" alt=\"\" width=\"704\" height=\"469\" srcset=\"https:\/\/bollicine.org\/wp-content\/uploads\/2019\/05\/Inaugurazione-Fragola-20.jpg 1500w, https:\/\/bollicine.org\/wp-content\/uploads\/2019\/05\/Inaugurazione-Fragola-20-300x200.jpg 300w, https:\/\/bollicine.org\/wp-content\/uploads\/2019\/05\/Inaugurazione-Fragola-20-768x512.jpg 768w, https:\/\/bollicine.org\/wp-content\/uploads\/2019\/05\/Inaugurazione-Fragola-20-1024x683.jpg 1024w, https:\/\/bollicine.org\/wp-content\/uploads\/2019\/05\/Inaugurazione-Fragola-20-700x467.jpg 700w\" sizes=\"auto, (max-width: 704px) 100vw, 704px\" \/><\/a><\/p>\r\n<p>[\/vc_column_text][\/vc_column][\/vc_row]<\/p>","protected":false},"excerpt":{"rendered":"<p>[vc_row css_animation=&#8221;&#8221; row_type=&#8221;row&#8221; use_row_as_full_screen_section=&#8221;no&#8221; type=&#8221;full_width&#8221; angled_section=&#8221;no&#8221; text_align=&#8221;left&#8221; background_image_as_pattern=&#8221;without_pattern&#8221;][vc_column width=&#8221;1\/2&#8243;][vc_column_text] Casa Clementina &nbsp; Il progetto \u201cCasa Clementina\u201d nasce dall&#8217;esito positivo di esperienze di residenzialit\u00e0 e vita indipendente condotte dalle Bollicine insieme all&#8217;ASEDO e all&#8217;Associazione Pubblica Assistenza di Siena. Dal 2015 il progetto si consolida grazie a&#8230;<\/p>\n","protected":false},"author":1,"featured_media":0,"parent":0,"menu_order":0,"comment_status":"closed","ping_status":"closed","template":"","meta":{"footnotes":""},"class_list":["post-1244","page","type-page","status-publish","hentry"],"_links":{"self":[{"href":"https:\/\/bollicine.org\/index.php?rest_route=\/wp\/v2\/pages\/1244","targetHints":{"allow":["GET"]}}],"collection":[{"href":"https:\/\/bollicine.org\/index.php?rest_route=\/wp\/v2\/pages"}],"about":[{"href":"https:\/\/bollicine.org\/index.php?rest_route=\/wp\/v2\/types\/page"}],"author":[{"embeddable":true,"href":"https:\/\/bollicine.org\/index.php?rest_route=\/wp\/v2\/users\/1"}],"replies":[{"embeddable":true,"href":"https:\/\/bollicine.org\/index.php?rest_route=%2Fwp%2Fv2%2Fcomments&post=1244"}],"version-history":[{"count":0,"href":"https:\/\/bollicine.org\/index.php?rest_route=\/wp\/v2\/pages\/1244\/revisions"}],"wp:attachment":[{"href":"https:\/\/bollicine.org\/index.php?rest_route=%2Fwp%2Fv2%2Fmedia&parent=1244"}],"curies":[{"name":"wp","href":"https:\/\/api.w.org\/{rel}","templated":true}]}}

<p>[vc_row css_animation=&#8221;&#8221; row_type=&#8221;row&#8221; use_row_as_full_screen_section=&#8221;no&#8221; type=&#8221;full_width&#8221; angled_section=&#8221;no&#8221; text_align=&#8221;left&#8221; background_image_as_pattern=&#8221;without_pattern&#8221;][vc_column width=&#8221;1/2&#8243;][vc_column_text]</p>
<p class="has-text-color has-vivid-cyan-blue-color wp-block-paragraph" style="font-size: 24px;">Casa Clementina</p>

<p>&nbsp;</p>

<div class="wp-block-spacer" style="height: 30px;" aria-hidden="true"> </div>
<p>

Il progetto “Casa Clementina” nasce dall&#8217;esito positivo di esperienze di residenzialità e vita indipendente condotte dalle Bollicine insieme all&#8217;<strong>ASEDO</strong> e all&#8217;<strong>Associazione Pubblica Assistenza di Siena</strong>. Dal 2015 il progetto si consolida grazie a “Casa Clementina”. L&#8217;abitazione situata a Porta Tufi è concessa dall&#8217;<strong>ASP Città di Siena</strong>, grazie ad una Convenzione che garantisce la continuità dell’Esperienza. I ragazzi si confrontano ogni giorno per imparare a gestire gli spazi domestici, ad organizzare la loro permanenza nella Casa, a considerarla punto di riferimento nella Città e nella loro vita. Il sogno è quello di fornire gli strumenti e le capacità per condurre una vita indipendente ed autonoma.</p>
<p class="wp-block-paragraph">“Casa Clementina partecipa alla co-progettazione con la Società della Salute Senese per la realizzazione di interventi previsti dalla Legge 112 del 2016 sul “Dopo di Noi”.</p>

<p>&nbsp;</p>

<div class="wp-block-spacer" style="height: 30px;" aria-hidden="true"> </div>
<ul>
<li><strong><a href="https://it-it.facebook.com/CasaClementinaSiena/">Visita la pagina Facebook di Casa Clementina.</a></strong></li>
<li><strong><a href="https://www.ars.toscana.it/dopo_di_noi/" target="_blank" rel="noreferrer noopener" aria-label=" (si apre in una nuova scheda)">Dopo di noi</a></strong></li>
</ul>

<p lang="it-IT" align="JUSTIFY"></p>
<div class="wp-block-spacer" style="height: 100px;" aria-hidden="true"> </div>

<p>[/vc_column_text][/vc_column][vc_column width=&#8221;1/2&#8243;][vc_empty_space height=&#8221;90px&#8221;][vc_gallery interval=&#8221;5&#8243; images=&#8221;956,953,1628,1632,1630,1629,1631,1774&#8243; img_size=&#8221;full&#8221;][/vc_column][/vc_row][vc_row css_animation=&#8221;&#8221; row_type=&#8221;row&#8221; use_row_as_full_screen_section=&#8221;no&#8221; type=&#8221;full_width&#8221; angled_section=&#8221;no&#8221; text_align=&#8221;left&#8221; background_image_as_pattern=&#8221;without_pattern&#8221;][vc_column][vc_column_text]</p>
<p><span style="color: #000000;">Accanto a &#8220;Casa Clementina&#8221;, sorge anche &#8220;Casa Fragola&#8221;.</span></p>
<p><span style="font-family: Calibri, sans-serif; color: #000000;"><span style="font-size: small;"><span style="font-family: Futura Std Book, sans-serif;">Il nuovo appartamento, messo a disposizione dall&#8217;ASP Città di Siena, è destinato ad esperienze di residenzialità settimanali. Inizialmente si alterneranno otto persone e due di loro sperimenteranno ben due settimane in autonomia. A Casa Fragola non è prevista la presenza notturna dei volontari Il personale educativo interviene solo per sostenere e accompagnare le persone nei propri percorsi di vita indipendente.</span></span></span></p>
<p><span style="color: #000000;">La realizzazione del progetto è stato possibile anche grazie al prezioso contributo della Fondazione Monte dei Paschi di Siena che ha promosso la campagna di Crowfunding, ed al sostegno di chi ha aderito alla campagna,  con cui è stato possibile realizzare parte della ristrutturazione e acquistare parte degli arredi di Casa Fragola. </span></p>
<p><span style="font-family: Calibri, sans-serif; color: #000000;"><span style="font-size: small;"><span style="font-family: Futura Std Book, sans-serif;">Questo progetto vuole offrire a ogni partecipante una possibilità per costruire il proprio percorso di vita”.</span></span></span></p>
<p><a href="https://bollicine.org/wp-content/uploads/2019/05/Inaugurazione-Fragola-20.jpg"><br /><img loading="lazy" decoding="async" class="wp-image-1765 alignright" src="https://bollicine.org/wp-content/uploads/2019/05/Inaugurazione-Fragola-20.jpg" alt="" width="704" height="469" srcset="https://bollicine.org/wp-content/uploads/2019/05/Inaugurazione-Fragola-20.jpg 1500w, https://bollicine.org/wp-content/uploads/2019/05/Inaugurazione-Fragola-20-300x200.jpg 300w, https://bollicine.org/wp-content/uploads/2019/05/Inaugurazione-Fragola-20-768x512.jpg 768w, https://bollicine.org/wp-content/uploads/2019/05/Inaugurazione-Fragola-20-1024x683.jpg 1024w, https://bollicine.org/wp-content/uploads/2019/05/Inaugurazione-Fragola-20-700x467.jpg 700w" sizes="auto, (max-width: 704px) 100vw, 704px" /></a></p>
<p>[/vc_column_text][/vc_column][/vc_row]</p>

<p>[vc_row css_animation=&#8221;&#8221; row_type=&#8221;row&#8221; use_row_as_full_screen_section=&#8221;no&#8221; type=&#8221;full_width&#8221; angled_section=&#8221;no&#8221; text_align=&#8221;left&#8221; background_image_as_pattern=&#8221;without_pattern&#8221;][vc_column width=&#8221;1/2&#8243;][vc_column_text] Casa Clementina &nbsp; Il progetto “Casa Clementina” nasce dall&#8217;esito positivo di esperienze di residenzialità e vita indipendente condotte dalle Bollicine insieme all&#8217;ASEDO e all&#8217;Associazione Pubblica Assistenza di Siena. Dal 2015 il progetto si consolida grazie a&#8230;</p>
