{"id":1512,"date":"2019-02-24T18:20:45","date_gmt":"2019-02-24T18:20:45","guid":{"rendered":"https:\/\/bollicine.org\/?page_id=1512"},"modified":"2021-09-22T08:44:02","modified_gmt":"2021-09-22T08:44:02","slug":"sedi","status":"publish","type":"page","link":"https:\/\/bollicine.org\/?page_id=1512","title":{"rendered":"Sedi"},"content":{"rendered":"\n\n<h2>CENTRO POLIFUNZIONALE &#8220;TOSCA DELLE BOLLICINE&#8221;<\/h2>\n<br \/>\n<p>Il progetto, prende il nome dalla puledra \u201cTosca\u201d, nata nel 2000, presso la ns. Associazione, dalla cavalla Dancalia di propriet\u00e0 delle Bollicine. Tosca, allevata nel rispetto della sua animalit\u00e0 \u00e8 cresciuta libera, insieme ai ns. ragazzi.<\/p>\n<p>La struttura, inaugurata nell&#8217;Aprile del 2007, si trova al centro di una bellissima vallata, poco distante da San Rocco a Pilli (Sovicille), in localit\u00e0 Agresto.<\/p>\n<p>Accogliente e funzionale, il Centro \u00e8 stato progettato e realizzato in modo che si integrasse perfettamente con l&#8217;ambiente naturale circostante e fosse idonea allo svolgimento di attivit\u00e0 pedagogiche, sociali e di Riabilitazione Equestre. Grazie al Centro possiamo garantire servizi adeguati a persone con handicap fisico, psichico e sensoriale.<\/p>\n<p>La struttura \u00e8 dotata di un accogliente club house con cucina, servizi igienici, spogliatoi e spazi terapeutici coperti, adeguatamente accessibili. Inoltre il Centro comprende un grande maneggio coperto (20&#215;40 m) e un campo esterno (30&#215;15 m), 10 box e una selleria. Ampie aree verdi circondano la struttura.<\/p>\n<p>I cavalli vivono liberi nei prati circostanti il Centro, in branco.<\/p>\n<br \/>\n<p><strong>I NOSTRI PREZIOSI COLLABORATORI<\/strong><\/p>\n<br \/>\n<p>Zingara, Dancalia e Tosca sono tre cavalli di razza Maremmana che le Bollicine hanno addestrato per lavorare con persone diversamente abili. Tosca in particolare, che ha dato il suo nome al Centro, \u00e8 cresciuta insieme ai ragazzi delle Bollicine. Oggi \u00e8 una collaboratrice davvero speciale, sia per le sedute terapeutiche, sia nella preparazione atletica dei ragazzi. Le Bollicine si avvalgono anche del contributo di Luna, Ginestra e Dido.<\/p>\n<p>Luna \u00e8 una cavalla purosangue di 20 anni e la sua storia sembra uscita da un film: dopo essere stata impiegata per molti anni in gara di monta western e corse negli ippodromi, il suo destino sembrava ormai segnato. Grazie all&#8217;intervento delle Bollicine, Luna ha potuto continuare la sua vita attiva in ambito terapeutico.<\/p>\n<p>Dido \u00e8 un Appaloosa di 14 anni. La sua razza \u00e8 assai apprezzata per il carattere docile e mite e la predisposizione al lavoro, tutte doti che certo non mancano a Dido.<\/p>\n<p>Ginestra , infine, possente cavalla siciliana, viene impiegata per soddisfare le esigenze dei ragazzi nel lavoro a terra e durante i giochi di esplorazione e contatto.<\/p>\n<p>Ma al Centro Tosca vive anche Dante, asino di razza amiatina: grazie alle sue caratteristiche fisiche e comportamentali \u00e8 un insolito compagno di giochi.<\/p>\n<p>Oltre agli equini al Centro vivono Emma, la cucciolona Labrador, e una speciale e giocherellona gattina di nome Agata.<\/p>\n<br \/>\n<p><strong>ENTI FINANZIATORI<\/strong><\/p>\n<br \/>\n<p>Fondazione Monte dei Paschi di Siena<br \/>Ente Cassa di Risparmio di Firenze<br \/>Societ\u00e0 delle Contrade di Siena<br \/>Lions Club Siena<br \/>I Ragazzi del &#8217;53<br \/>Gruppo \u201cVolta la Carta\u201d<br \/>Banca CRAS<br \/>Ditta S.O.S CASA<br \/>Rancing Club Euquidia<br \/>Gruppi Donne delle Contrade di Siena<br \/>Ass. &#8220;I Fedelissimi&#8221; del Siena<br \/>Ditta CICA sr.<br \/>Ditta Ricci Impianti<br \/>AzieNda WHIRPOOL<br \/>La Mensa del Barbero<br \/>Consorzio Agrario<\/p>\n<br \/>\n\n\n\n\n\n\n","protected":false},"excerpt":{"rendered":"<p>CENTRO POLIFUNZIONALE &#8220;TOSCA DELLE BOLLICINE&#8221; Il progetto, prende il nome dalla puledra \u201cTosca\u201d, nata nel 2000, presso la ns. Associazione, dalla cavalla Dancalia di propriet\u00e0 delle Bollicine. Tosca, allevata nel rispetto della sua animalit\u00e0 \u00e8 cresciuta libera, insieme ai ns. ragazzi. La struttura, inaugurata nell&#8217;Aprile&#8230;<\/p>\n","protected":false},"author":1,"featured_media":0,"parent":0,"menu_order":0,"comment_status":"closed","ping_status":"closed","template":"","meta":{"footnotes":""},"class_list":["post-1512","page","type-page","status-publish","hentry"],"_links":{"self":[{"href":"https:\/\/bollicine.org\/index.php?rest_route=\/wp\/v2\/pages\/1512","targetHints":{"allow":["GET"]}}],"collection":[{"href":"https:\/\/bollicine.org\/index.php?rest_route=\/wp\/v2\/pages"}],"about":[{"href":"https:\/\/bollicine.org\/index.php?rest_route=\/wp\/v2\/types\/page"}],"author":[{"embeddable":true,"href":"https:\/\/bollicine.org\/index.php?rest_route=\/wp\/v2\/users\/1"}],"replies":[{"embeddable":true,"href":"https:\/\/bollicine.org\/index.php?rest_route=%2Fwp%2Fv2%2Fcomments&post=1512"}],"version-history":[{"count":0,"href":"https:\/\/bollicine.org\/index.php?rest_route=\/wp\/v2\/pages\/1512\/revisions"}],"wp:attachment":[{"href":"https:\/\/bollicine.org\/index.php?rest_route=%2Fwp%2Fv2%2Fmedia&parent=1512"}],"curies":[{"name":"wp","href":"https:\/\/api.w.org\/{rel}","templated":true}]}}

<h2>CENTRO POLIFUNZIONALE &#8220;TOSCA DELLE BOLLICINE&#8221;</h2>
<br />
<p>Il progetto, prende il nome dalla puledra “Tosca”, nata nel 2000, presso la ns. Associazione, dalla cavalla Dancalia di proprietà delle Bollicine. Tosca, allevata nel rispetto della sua animalità è cresciuta libera, insieme ai ns. ragazzi.</p>
<p>La struttura, inaugurata nell&#8217;Aprile del 2007, si trova al centro di una bellissima vallata, poco distante da San Rocco a Pilli (Sovicille), in località Agresto.</p>
<p>Accogliente e funzionale, il Centro è stato progettato e realizzato in modo che si integrasse perfettamente con l&#8217;ambiente naturale circostante e fosse idonea allo svolgimento di attività pedagogiche, sociali e di Riabilitazione Equestre. Grazie al Centro possiamo garantire servizi adeguati a persone con handicap fisico, psichico e sensoriale.</p>
<p>La struttura è dotata di un accogliente club house con cucina, servizi igienici, spogliatoi e spazi terapeutici coperti, adeguatamente accessibili. Inoltre il Centro comprende un grande maneggio coperto (20&#215;40 m) e un campo esterno (30&#215;15 m), 10 box e una selleria. Ampie aree verdi circondano la struttura.</p>
<p>I cavalli vivono liberi nei prati circostanti il Centro, in branco.</p>
<br />
<p><strong>I NOSTRI PREZIOSI COLLABORATORI</strong></p>
<br />
<p>Zingara, Dancalia e Tosca sono tre cavalli di razza Maremmana che le Bollicine hanno addestrato per lavorare con persone diversamente abili. Tosca in particolare, che ha dato il suo nome al Centro, è cresciuta insieme ai ragazzi delle Bollicine. Oggi è una collaboratrice davvero speciale, sia per le sedute terapeutiche, sia nella preparazione atletica dei ragazzi. Le Bollicine si avvalgono anche del contributo di Luna, Ginestra e Dido.</p>
<p>Luna è una cavalla purosangue di 20 anni e la sua storia sembra uscita da un film: dopo essere stata impiegata per molti anni in gara di monta western e corse negli ippodromi, il suo destino sembrava ormai segnato. Grazie all&#8217;intervento delle Bollicine, Luna ha potuto continuare la sua vita attiva in ambito terapeutico.</p>
<p>Dido è un Appaloosa di 14 anni. La sua razza è assai apprezzata per il carattere docile e mite e la predisposizione al lavoro, tutte doti che certo non mancano a Dido.</p>
<p>Ginestra , infine, possente cavalla siciliana, viene impiegata per soddisfare le esigenze dei ragazzi nel lavoro a terra e durante i giochi di esplorazione e contatto.</p>
<p>Ma al Centro Tosca vive anche Dante, asino di razza amiatina: grazie alle sue caratteristiche fisiche e comportamentali è un insolito compagno di giochi.</p>
<p>Oltre agli equini al Centro vivono Emma, la cucciolona Labrador, e una speciale e giocherellona gattina di nome Agata.</p>
<br />
<p><strong>ENTI FINANZIATORI</strong></p>
<br />
<p>Fondazione Monte dei Paschi di Siena<br />Ente Cassa di Risparmio di Firenze<br />Società delle Contrade di Siena<br />Lions Club Siena<br />I Ragazzi del &#8217;53<br />Gruppo “Volta la Carta”<br />Banca CRAS<br />Ditta S.O.S CASA<br />Rancing Club Euquidia<br />Gruppi Donne delle Contrade di Siena<br />Ass. &#8220;I Fedelissimi&#8221; del Siena<br />Ditta CICA sr.<br />Ditta Ricci Impianti<br />AzieNda WHIRPOOL<br />La Mensa del Barbero<br />Consorzio Agrario</p>
<br />

<p>CENTRO POLIFUNZIONALE &#8220;TOSCA DELLE BOLLICINE&#8221; Il progetto, prende il nome dalla puledra “Tosca”, nata nel 2000, presso la ns. Associazione, dalla cavalla Dancalia di proprietà delle Bollicine. Tosca, allevata nel rispetto della sua animalità è cresciuta libera, insieme ai ns. ragazzi. La struttura, inaugurata nell&#8217;Aprile&#8230;</p>
