{"id":2162,"date":"2020-12-07T13:18:55","date_gmt":"2020-12-07T13:18:55","guid":{"rendered":"https:\/\/bollicine.org\/?page_id=2162"},"modified":"2020-12-07T13:25:13","modified_gmt":"2020-12-07T13:25:13","slug":"laboratorio-online-sulla-cucina","status":"publish","type":"page","link":"https:\/\/bollicine.org\/?page_id=2162","title":{"rendered":"Laboratorio online sulla cucina"},"content":{"rendered":"\n<p class=\"wp-block-paragraph\"><strong>Laboratorio online sulla cucina<\/strong><\/p>\n\n\n\n<p class=\"wp-block-paragraph\">Il gruppo nasce durante la pandemia con lo scopo di preservare le relazioni ed i legami sociali durante i mesi dell\u2019isolamento e del lockdown. In occasione dell\u2019appuntamento settimanale i partecipanti possono ritrovarsi, raccontarsi e condividere esperienze con i propri amici \u201clontani\u201d,<br \/>preparando e facilitando la ripresa delle relazioni in presenza. Il tema della cucina come attivit\u00e0 principale di cui fare esperienza, oltre agli aspetti sociali e conviviali del mangiare insieme, permette di lavorare parallelamente sull\u2019acquisizione di piccole autonomie e competenze:<br \/>sbucciare, tagliare, spalmare, cuocere.<br \/><br \/><strong>Descrizione dell\u2019attivit\u00e0:<\/strong><br \/>Il laboratorio on line incentrato sulle attivit\u00e0 di cucina consiste in un appuntamento con cadenza settimanale, aperto ad un gruppo eterogeneo di ragazzi con disabilit\u00e0 ed alle loro famiglie.<br \/>Obiettivo principale del laboratorio \u00e8 fornire ai partecipanti un\u2019occasione di incontro e di socializzazione, in un momento di particolare difficolt\u00e0 rispetto ai contatti sociali come quello rappresentato dalla pandemia e dal conseguente lockdown. La presenza di un appuntamento fisso all\u2019interno della settimana, in vista del quale organizzarsi e preparare specifici materiali o ingredienti, rappresenta un elemento utile per strutturare il tempo ed organizzare i giorni e le proprie attivit\u00e0, motivando all\u2019impegno, alla concentrazione e stimolando la partecipazione attraverso il desiderio di ritrovarsi, anche se solo virtualmente. I partecipanti al piccolo gruppo<br \/>sono sempre gli stessi, in un ottica di condivisone di un percorso e di una \u201cstoria\u201d collettiva che possa dare continuit\u00e0 alle relazioni in attesa della ripresa delle attivit\u00e0 in presenza. <\/p>\n\n\n\n<p class=\"wp-block-paragraph\"><\/p>\n\n\n\n<div class=\"wp-block-image\"><figure class=\"aligncenter size-large\"><img loading=\"lazy\" decoding=\"async\" width=\"643\" height=\"482\" src=\"https:\/\/bollicine.org\/wp-content\/uploads\/2020\/12\/Laboratorio-sulla-cucina-_Page1_Image1.jpg\" alt=\"\" class=\"wp-image-2164\" srcset=\"https:\/\/bollicine.org\/wp-content\/uploads\/2020\/12\/Laboratorio-sulla-cucina-_Page1_Image1.jpg 643w, https:\/\/bollicine.org\/wp-content\/uploads\/2020\/12\/Laboratorio-sulla-cucina-_Page1_Image1-300x225.jpg 300w\" sizes=\"auto, (max-width: 643px) 100vw, 643px\" \/><\/figure><\/div>\n\n\n\n<div class=\"wp-block-image\"><figure class=\"aligncenter size-large\"><img loading=\"lazy\" decoding=\"async\" width=\"643\" height=\"482\" src=\"https:\/\/bollicine.org\/wp-content\/uploads\/2020\/12\/Laboratorio-sulla-cucina-_Page2_Image1.jpg\" alt=\"\" class=\"wp-image-2165\" srcset=\"https:\/\/bollicine.org\/wp-content\/uploads\/2020\/12\/Laboratorio-sulla-cucina-_Page2_Image1.jpg 643w, https:\/\/bollicine.org\/wp-content\/uploads\/2020\/12\/Laboratorio-sulla-cucina-_Page2_Image1-300x225.jpg 300w\" sizes=\"auto, (max-width: 643px) 100vw, 643px\" \/><\/figure><\/div>\n\n\n\n<div class=\"wp-block-image\"><figure class=\"aligncenter size-large\"><img loading=\"lazy\" decoding=\"async\" width=\"398\" height=\"531\" src=\"https:\/\/bollicine.org\/wp-content\/uploads\/2020\/12\/Laboratorio-sulla-cucina-_Page2_Image2.jpg\" alt=\"\" class=\"wp-image-2166\" srcset=\"https:\/\/bollicine.org\/wp-content\/uploads\/2020\/12\/Laboratorio-sulla-cucina-_Page2_Image2.jpg 398w, https:\/\/bollicine.org\/wp-content\/uploads\/2020\/12\/Laboratorio-sulla-cucina-_Page2_Image2-225x300.jpg 225w\" sizes=\"auto, (max-width: 398px) 100vw, 398px\" \/><\/figure><\/div>\n\n\n\n<p class=\"wp-block-paragraph\"><\/p>\n\n\n\n<p class=\"wp-block-paragraph\">Il tema della cucina abbraccia sia aspetti conviviali, di condivisione, di momenti piacevoli trascorsi insieme, sia aspetti che spaziano nel campo dello sviluppo e potenziamento di importanti autonomie di base. Un primo approccio, per alcuni dei partecipanti, con quello che vuol dire<br \/>svolgere piccole mansioni domestiche come lavare, sbucciare e tagliare, conoscere i cibi e saperli scegliere, anche nell\u2019ottica di una proposta di educazione alla buona alimentazione.<br \/>In una prima sequenza di incontri, che si \u00e8 svolta nei mesi tra giugno e settembre, l\u2019attivit\u00e0 ha ruotato intorno alla preparazione di piccoli e semplici piatti, utilizzando frutta o verdura di stagione. Il procedimento delle ricette proposte \u00e8 stato sempre scelto con attenzione, calibrandolo rispetto alle capacit\u00e0 e possibilit\u00e0 di ognuno, in modo da garantire la massima autonomia nel suo svolgimento.<br \/><\/p>\n\n\n\n<p class=\"wp-block-paragraph\">Uno spazio ed una attenzione particolare sono state posti sulla possibilit\u00e0 per ognuno di esprimere la propria preferenze, i propri gusti personali, stimolando cosi la capacit\u00e0 di compiere delle scelte e di manifestare la propria individualit\u00e0 e specificit\u00e0. <br \/><\/p>\n\n\n\n<div class=\"wp-block-image\"><figure class=\"aligncenter size-large\"><img loading=\"lazy\" decoding=\"async\" width=\"342\" height=\"456\" src=\"https:\/\/bollicine.org\/wp-content\/uploads\/2020\/12\/Laboratorio-sulla-cucina-_Page3_Image1-1.jpg\" alt=\"\" class=\"wp-image-2169\" srcset=\"https:\/\/bollicine.org\/wp-content\/uploads\/2020\/12\/Laboratorio-sulla-cucina-_Page3_Image1-1.jpg 342w, https:\/\/bollicine.org\/wp-content\/uploads\/2020\/12\/Laboratorio-sulla-cucina-_Page3_Image1-1-225x300.jpg 225w\" sizes=\"auto, (max-width: 342px) 100vw, 342px\" \/><\/figure><\/div>\n\n\n\n<figure class=\"wp-block-gallery aligncenter columns-1 wp-block-gallery-1 is-layout-flex wp-block-gallery-is-layout-flex\"><ul class=\"blocks-gallery-grid\"><li class=\"blocks-gallery-item\"><figure><img loading=\"lazy\" decoding=\"async\" width=\"341\" height=\"455\" src=\"https:\/\/bollicine.org\/wp-content\/uploads\/2020\/12\/Laboratorio-sulla-cucina-_Page3_Image2-1.jpg\" alt=\"\" data-id=\"2176\" data-full-url=\"https:\/\/bollicine.org\/wp-content\/uploads\/2020\/12\/Laboratorio-sulla-cucina-_Page3_Image2-1.jpg\" data-link=\"https:\/\/bollicine.org\/?attachment_id=2176\" class=\"wp-image-2176\" srcset=\"https:\/\/bollicine.org\/wp-content\/uploads\/2020\/12\/Laboratorio-sulla-cucina-_Page3_Image2-1.jpg 341w, https:\/\/bollicine.org\/wp-content\/uploads\/2020\/12\/Laboratorio-sulla-cucina-_Page3_Image2-1-225x300.jpg 225w\" sizes=\"auto, (max-width: 341px) 100vw, 341px\" \/><\/figure><\/li><\/ul><\/figure>\n\n\n\n<p class=\"wp-block-paragraph\"><\/p>\n\n\n\n<p class=\"wp-block-paragraph\">Nel secondo ciclo di appuntamenti, al momento ancora in corso d\u2019opera, la proposta si \u00e8 orientata su attivit\u00e0 sensoriali e creative, privilegiando per\u00f2 la scelta di materiali naturali facilmente reperibili ed appartenenti alla sfera dei cibi e della cucina: frutta, verdura, farine, semi, caff\u00e8.<br \/>Obiettivo \u00e8 stimolare la creativit\u00e0 di ciascuno dei partecipanti e favorire l\u2019espressione individuale, valorizzando, tramite la condivisione nel gruppo, le scelte fatte da ognuno nel personalizzare i propri lavori.<br \/>Rimangono un punto fermo i momenti destinati alla socializzazione, come una merenda o il festeggiamento \u201cvirtuale\u201d di un compleanno o di una occasione speciale: il gruppo si ritrova, ognuno fa le proprie scelte rispetto a che cosa mangiare o preparare, e tutto viene condiviso andando a costituire una significativa occasione di libera espressione di s\u00e9 e delle proprie preferenze.<\/p>\n\n\n\n<p class=\"wp-block-paragraph\"><br \/><\/p>\n\n\n\n<div class=\"wp-block-image\"><figure class=\"aligncenter size-large\"><img loading=\"lazy\" decoding=\"async\" width=\"610\" height=\"457\" src=\"https:\/\/bollicine.org\/wp-content\/uploads\/2020\/12\/Laboratorio-sulla-cucina-_Page4_Image1.jpg\" alt=\"\" class=\"wp-image-2171\" srcset=\"https:\/\/bollicine.org\/wp-content\/uploads\/2020\/12\/Laboratorio-sulla-cucina-_Page4_Image1.jpg 610w, https:\/\/bollicine.org\/wp-content\/uploads\/2020\/12\/Laboratorio-sulla-cucina-_Page4_Image1-300x225.jpg 300w\" sizes=\"auto, (max-width: 610px) 100vw, 610px\" \/><\/figure><\/div>\n\n\n\n<div class=\"wp-block-image\"><figure class=\"aligncenter size-large\"><img loading=\"lazy\" decoding=\"async\" width=\"643\" height=\"362\" src=\"https:\/\/bollicine.org\/wp-content\/uploads\/2020\/12\/Laboratorio-sulla-cucina-_Page4_Image2.jpg\" alt=\"\" class=\"wp-image-2172\" srcset=\"https:\/\/bollicine.org\/wp-content\/uploads\/2020\/12\/Laboratorio-sulla-cucina-_Page4_Image2.jpg 643w, https:\/\/bollicine.org\/wp-content\/uploads\/2020\/12\/Laboratorio-sulla-cucina-_Page4_Image2-300x169.jpg 300w, https:\/\/bollicine.org\/wp-content\/uploads\/2020\/12\/Laboratorio-sulla-cucina-_Page4_Image2-539x303.jpg 539w\" sizes=\"auto, (max-width: 643px) 100vw, 643px\" \/><\/figure><\/div>\n","protected":false},"excerpt":{"rendered":"<p>Laboratorio online sulla cucina Il gruppo nasce durante la pandemia con lo scopo di preservare le relazioni ed i legami sociali durante i mesi dell\u2019isolamento e del lockdown. In occasione dell\u2019appuntamento settimanale i partecipanti possono ritrovarsi, raccontarsi e condividere esperienze con i propri amici \u201clontani\u201d,preparando&#8230;<\/p>\n","protected":false},"author":1,"featured_media":0,"parent":0,"menu_order":0,"comment_status":"closed","ping_status":"closed","template":"","meta":{"footnotes":""},"class_list":["post-2162","page","type-page","status-publish","hentry"],"_links":{"self":[{"href":"https:\/\/bollicine.org\/index.php?rest_route=\/wp\/v2\/pages\/2162","targetHints":{"allow":["GET"]}}],"collection":[{"href":"https:\/\/bollicine.org\/index.php?rest_route=\/wp\/v2\/pages"}],"about":[{"href":"https:\/\/bollicine.org\/index.php?rest_route=\/wp\/v2\/types\/page"}],"author":[{"embeddable":true,"href":"https:\/\/bollicine.org\/index.php?rest_route=\/wp\/v2\/users\/1"}],"replies":[{"embeddable":true,"href":"https:\/\/bollicine.org\/index.php?rest_route=%2Fwp%2Fv2%2Fcomments&post=2162"}],"version-history":[{"count":0,"href":"https:\/\/bollicine.org\/index.php?rest_route=\/wp\/v2\/pages\/2162\/revisions"}],"wp:attachment":[{"href":"https:\/\/bollicine.org\/index.php?rest_route=%2Fwp%2Fv2%2Fmedia&parent=2162"}],"curies":[{"name":"wp","href":"https:\/\/api.w.org\/{rel}","templated":true}]}}

<p class="wp-block-paragraph"><strong>Laboratorio online sulla cucina</strong></p>



<p class="wp-block-paragraph">Il gruppo nasce durante la pandemia con lo scopo di preservare le relazioni ed i legami sociali durante i mesi dell’isolamento e del lockdown. In occasione dell’appuntamento settimanale i partecipanti possono ritrovarsi, raccontarsi e condividere esperienze con i propri amici “lontani”,<br />preparando e facilitando la ripresa delle relazioni in presenza. Il tema della cucina come attività principale di cui fare esperienza, oltre agli aspetti sociali e conviviali del mangiare insieme, permette di lavorare parallelamente sull’acquisizione di piccole autonomie e competenze:<br />sbucciare, tagliare, spalmare, cuocere.<br /><br /><strong>Descrizione dell’attività:</strong><br />Il laboratorio on line incentrato sulle attività di cucina consiste in un appuntamento con cadenza settimanale, aperto ad un gruppo eterogeneo di ragazzi con disabilità ed alle loro famiglie.<br />Obiettivo principale del laboratorio è fornire ai partecipanti un’occasione di incontro e di socializzazione, in un momento di particolare difficoltà rispetto ai contatti sociali come quello rappresentato dalla pandemia e dal conseguente lockdown. La presenza di un appuntamento fisso all’interno della settimana, in vista del quale organizzarsi e preparare specifici materiali o ingredienti, rappresenta un elemento utile per strutturare il tempo ed organizzare i giorni e le proprie attività, motivando all’impegno, alla concentrazione e stimolando la partecipazione attraverso il desiderio di ritrovarsi, anche se solo virtualmente. I partecipanti al piccolo gruppo<br />sono sempre gli stessi, in un ottica di condivisone di un percorso e di una “storia” collettiva che possa dare continuità alle relazioni in attesa della ripresa delle attività in presenza. </p>



<p class="wp-block-paragraph"></p>



<div class="wp-block-image"><figure class="aligncenter size-large"><img loading="lazy" decoding="async" width="643" height="482" src="https://bollicine.org/wp-content/uploads/2020/12/Laboratorio-sulla-cucina-_Page1_Image1.jpg" alt="" class="wp-image-2164" srcset="https://bollicine.org/wp-content/uploads/2020/12/Laboratorio-sulla-cucina-_Page1_Image1.jpg 643w, https://bollicine.org/wp-content/uploads/2020/12/Laboratorio-sulla-cucina-_Page1_Image1-300x225.jpg 300w" sizes="auto, (max-width: 643px) 100vw, 643px" /></figure></div>



<div class="wp-block-image"><figure class="aligncenter size-large"><img loading="lazy" decoding="async" width="643" height="482" src="https://bollicine.org/wp-content/uploads/2020/12/Laboratorio-sulla-cucina-_Page2_Image1.jpg" alt="" class="wp-image-2165" srcset="https://bollicine.org/wp-content/uploads/2020/12/Laboratorio-sulla-cucina-_Page2_Image1.jpg 643w, https://bollicine.org/wp-content/uploads/2020/12/Laboratorio-sulla-cucina-_Page2_Image1-300x225.jpg 300w" sizes="auto, (max-width: 643px) 100vw, 643px" /></figure></div>



<div class="wp-block-image"><figure class="aligncenter size-large"><img loading="lazy" decoding="async" width="398" height="531" src="https://bollicine.org/wp-content/uploads/2020/12/Laboratorio-sulla-cucina-_Page2_Image2.jpg" alt="" class="wp-image-2166" srcset="https://bollicine.org/wp-content/uploads/2020/12/Laboratorio-sulla-cucina-_Page2_Image2.jpg 398w, https://bollicine.org/wp-content/uploads/2020/12/Laboratorio-sulla-cucina-_Page2_Image2-225x300.jpg 225w" sizes="auto, (max-width: 398px) 100vw, 398px" /></figure></div>



<p class="wp-block-paragraph"></p>



<p class="wp-block-paragraph">Il tema della cucina abbraccia sia aspetti conviviali, di condivisione, di momenti piacevoli trascorsi insieme, sia aspetti che spaziano nel campo dello sviluppo e potenziamento di importanti autonomie di base. Un primo approccio, per alcuni dei partecipanti, con quello che vuol dire<br />svolgere piccole mansioni domestiche come lavare, sbucciare e tagliare, conoscere i cibi e saperli scegliere, anche nell’ottica di una proposta di educazione alla buona alimentazione.<br />In una prima sequenza di incontri, che si è svolta nei mesi tra giugno e settembre, l’attività ha ruotato intorno alla preparazione di piccoli e semplici piatti, utilizzando frutta o verdura di stagione. Il procedimento delle ricette proposte è stato sempre scelto con attenzione, calibrandolo rispetto alle capacità e possibilità di ognuno, in modo da garantire la massima autonomia nel suo svolgimento.<br /></p>



<p class="wp-block-paragraph">Uno spazio ed una attenzione particolare sono state posti sulla possibilità per ognuno di esprimere la propria preferenze, i propri gusti personali, stimolando cosi la capacità di compiere delle scelte e di manifestare la propria individualità e specificità. <br /></p>



<div class="wp-block-image"><figure class="aligncenter size-large"><img loading="lazy" decoding="async" width="342" height="456" src="https://bollicine.org/wp-content/uploads/2020/12/Laboratorio-sulla-cucina-_Page3_Image1-1.jpg" alt="" class="wp-image-2169" srcset="https://bollicine.org/wp-content/uploads/2020/12/Laboratorio-sulla-cucina-_Page3_Image1-1.jpg 342w, https://bollicine.org/wp-content/uploads/2020/12/Laboratorio-sulla-cucina-_Page3_Image1-1-225x300.jpg 225w" sizes="auto, (max-width: 342px) 100vw, 342px" /></figure></div>



<figure class="wp-block-gallery aligncenter columns-1 wp-block-gallery-1 is-layout-flex wp-block-gallery-is-layout-flex"><ul class="blocks-gallery-grid"><li class="blocks-gallery-item"><figure><img loading="lazy" decoding="async" width="341" height="455" src="https://bollicine.org/wp-content/uploads/2020/12/Laboratorio-sulla-cucina-_Page3_Image2-1.jpg" alt="" data-id="2176" data-full-url="https://bollicine.org/wp-content/uploads/2020/12/Laboratorio-sulla-cucina-_Page3_Image2-1.jpg" data-link="https://bollicine.org/?attachment_id=2176" class="wp-image-2176" srcset="https://bollicine.org/wp-content/uploads/2020/12/Laboratorio-sulla-cucina-_Page3_Image2-1.jpg 341w, https://bollicine.org/wp-content/uploads/2020/12/Laboratorio-sulla-cucina-_Page3_Image2-1-225x300.jpg 225w" sizes="auto, (max-width: 341px) 100vw, 341px" /></figure></li></ul></figure>



<p class="wp-block-paragraph"></p>



<p class="wp-block-paragraph">Nel secondo ciclo di appuntamenti, al momento ancora in corso d’opera, la proposta si è orientata su attività sensoriali e creative, privilegiando però la scelta di materiali naturali facilmente reperibili ed appartenenti alla sfera dei cibi e della cucina: frutta, verdura, farine, semi, caffè.<br />Obiettivo è stimolare la creatività di ciascuno dei partecipanti e favorire l’espressione individuale, valorizzando, tramite la condivisione nel gruppo, le scelte fatte da ognuno nel personalizzare i propri lavori.<br />Rimangono un punto fermo i momenti destinati alla socializzazione, come una merenda o il festeggiamento “virtuale” di un compleanno o di una occasione speciale: il gruppo si ritrova, ognuno fa le proprie scelte rispetto a che cosa mangiare o preparare, e tutto viene condiviso andando a costituire una significativa occasione di libera espressione di sé e delle proprie preferenze.</p>



<p class="wp-block-paragraph"><br /></p>



<div class="wp-block-image"><figure class="aligncenter size-large"><img loading="lazy" decoding="async" width="610" height="457" src="https://bollicine.org/wp-content/uploads/2020/12/Laboratorio-sulla-cucina-_Page4_Image1.jpg" alt="" class="wp-image-2171" srcset="https://bollicine.org/wp-content/uploads/2020/12/Laboratorio-sulla-cucina-_Page4_Image1.jpg 610w, https://bollicine.org/wp-content/uploads/2020/12/Laboratorio-sulla-cucina-_Page4_Image1-300x225.jpg 300w" sizes="auto, (max-width: 610px) 100vw, 610px" /></figure></div>



<div class="wp-block-image"><figure class="aligncenter size-large"><img loading="lazy" decoding="async" width="643" height="362" src="https://bollicine.org/wp-content/uploads/2020/12/Laboratorio-sulla-cucina-_Page4_Image2.jpg" alt="" class="wp-image-2172" srcset="https://bollicine.org/wp-content/uploads/2020/12/Laboratorio-sulla-cucina-_Page4_Image2.jpg 643w, https://bollicine.org/wp-content/uploads/2020/12/Laboratorio-sulla-cucina-_Page4_Image2-300x169.jpg 300w, https://bollicine.org/wp-content/uploads/2020/12/Laboratorio-sulla-cucina-_Page4_Image2-539x303.jpg 539w" sizes="auto, (max-width: 643px) 100vw, 643px" /></figure></div>
