{"id":46,"date":"2009-11-27T15:12:18","date_gmt":"2009-11-27T15:12:18","guid":{"rendered":"https:\/\/bollicine.org\/?page_id=46"},"modified":"2021-09-21T07:55:40","modified_gmt":"2021-09-21T07:55:40","slug":"contatti","status":"publish","type":"page","link":"https:\/\/bollicine.org\/?page_id=46","title":{"rendered":"Contatti"},"content":{"rendered":"<p>[vc_row css_animation=&#8221;&#8221; row_type=&#8221;row&#8221; use_row_as_full_screen_section=&#8221;no&#8221; type=&#8221;full_width&#8221; angled_section=&#8221;no&#8221; text_align=&#8221;left&#8221; background_image_as_pattern=&#8221;without_pattern&#8221;][vc_column width=&#8221;2\/3&#8243;][vc_column_text]<\/p>\r\n<p class=\"has-text-color has-luminous-vivid-orange-color wp-block-paragraph\" style=\"font-size: 24px;\">Contatti<\/p>\r\n\r\n<p>&nbsp;<\/p>\r\n\r\n<div class=\"wp-block-spacer\" style=\"height: 30px;\" aria-hidden=\"true\">\u00a0<\/div>\r\n\r\n<p>Potete trovarci presso nostro ufficio a Siena in via Franciosa 57 a Siena, dal luned\u00ec al venerd\u00ec dalle 9 alle 13.<\/p>\r\n\r\n<p>Il centro di riabilitazione equestre si trova a San Rocco, localit\u00e0 Agresto, Sovicille (vedi mappa).<\/p>\r\n<p class=\"wp-block-paragraph\">&nbsp;<\/p>\r\n<p><span style=\"color: #3366ff;\"><strong>Email:<\/strong>\u00a0<a style=\"color: #3366ff;\" href=\"mailto:infolebollicine@gmail.com\">infolebollicine@gmail.com<\/a><\/span><\/p>\r\n<p><span style=\"color: #3366ff;\"><strong>Telefono ufficio<\/strong>: 0577 286335<\/span><\/p>\r\n<p><span style=\"color: #3366ff;\"><strong>Telefono maneggio<\/strong>: 320 5649746<\/span><\/p>\r\n<p><span style=\"color: #3366ff;\"><strong>Telefono coordinatrice<\/strong>: 347 4022311<\/span><\/p>\r\n<p>&nbsp;<\/p>\r\n<p><span style=\"color: #3366ff;\"><\/span><\/p>\r\n\r\n<div aria-hidden=\"true\"><span style=\"color: #000000;\"><strong>Le nostre pagine social:<\/strong><\/span><\/div>\r\n<p><a href=\"https:\/\/it-it.facebook.com\/le.bollicine.96\">Facebook: Bollicine<\/a><\/p>\r\n<p><a href=\"https:\/\/it-it.facebook.com\/CasaClementinaSiena\/\">Facebook: Casa Clementina<\/a><\/p>\r\n<p><a href=\"https:\/\/www.instagram.com\/lebollicinesiena\/\">Instagram: Le Bollicine Siena<\/a><\/p>\r\n<p>&nbsp;<\/p>\r\n<p>&nbsp;<\/p>\r\n<p>&nbsp;<\/p>\r\n<p>[\/vc_column_text][\/vc_column][vc_column width=&#8221;1\/3&#8243;][vc_column_text]<\/p>\r\n<p><span style=\"color: #3366ff;\">Indicazioni per il maneggio<\/span><\/p>\r\n<p>[\/vc_column_text][vc_gmaps link=&#8221;#E-8_JTNDaWZyYW1lJTIwc3JjJTNEJTIyaHR0cHMlM0ElMkYlMkZ3d3cuZ29vZ2xlLmNvbSUyRm1hcHMlMkZlbWJlZCUzRnBiJTNEJTIxMW0xOCUyMTFtMTIlMjExbTMlMjExZDE0NTIuNjAxMTE0ODY4ODE5NCUyMTJkMTEuMjgzMzY0OTc1NzY2NjI0JTIxM2Q0My4yNjgxMzg5NDc4MjEwOSUyMTJtMyUyMTFmMCUyMTJmMCUyMTNmMCUyMTNtMiUyMTFpMTAyNCUyMTJpNzY4JTIxNGYxMy4xJTIxM20zJTIxMW0yJTIxMXMweDEzMmEyYTRkYTc3NmRhNDMlMjUzQTB4ODRhZmI0NTYyMmVkYmJhYSUyMTJzTG9jYWxpdCUyNUMzJTI1QTAlMkJDYWdnaW8lMjUyQyUyQjM4NSUyNTJDJTJCNTMwMTglMkJTb3ZpY2lsbGUlMkJTSSUyMTVlMCUyMTNtMiUyMTFzaXQlMjEyc2l0JTIxNHYxNTUwNzk0NTcwMjkyJTIyJTIwd2lkdGglM0QlMjI0MDAlMjIlMjBoZWlnaHQlM0QlMjIzMDAlMjIlMjBmcmFtZWJvcmRlciUzRCUyMjAlMjIlMjBzdHlsZSUzRCUyMmJvcmRlciUzQTAlMjIlMjBhbGxvd2Z1bGxzY3JlZW4lM0UlM0MlMkZpZnJhbWUlM0U=&#8221;][\/vc_column][\/vc_row]<\/p>","protected":false},"excerpt":{"rendered":"<p>[vc_row css_animation=&#8221;&#8221; row_type=&#8221;row&#8221; use_row_as_full_screen_section=&#8221;no&#8221; type=&#8221;full_width&#8221; angled_section=&#8221;no&#8221; text_align=&#8221;left&#8221; background_image_as_pattern=&#8221;without_pattern&#8221;][vc_column width=&#8221;2\/3&#8243;][vc_column_text] Contatti &nbsp; Potete trovarci presso nostro ufficio a Siena in via Franciosa 57 a Siena, dal luned\u00ec al venerd\u00ec dalle 9 alle 13. Il centro di riabilitazione equestre si trova a San Rocco, localit\u00e0 Agresto, Sovicille&#8230;<\/p>\n","protected":false},"author":1,"featured_media":0,"parent":0,"menu_order":9,"comment_status":"closed","ping_status":"open","template":"","meta":{"footnotes":""},"class_list":["post-46","page","type-page","status-publish","hentry"],"_links":{"self":[{"href":"https:\/\/bollicine.org\/index.php?rest_route=\/wp\/v2\/pages\/46","targetHints":{"allow":["GET"]}}],"collection":[{"href":"https:\/\/bollicine.org\/index.php?rest_route=\/wp\/v2\/pages"}],"about":[{"href":"https:\/\/bollicine.org\/index.php?rest_route=\/wp\/v2\/types\/page"}],"author":[{"embeddable":true,"href":"https:\/\/bollicine.org\/index.php?rest_route=\/wp\/v2\/users\/1"}],"replies":[{"embeddable":true,"href":"https:\/\/bollicine.org\/index.php?rest_route=%2Fwp%2Fv2%2Fcomments&post=46"}],"version-history":[{"count":0,"href":"https:\/\/bollicine.org\/index.php?rest_route=\/wp\/v2\/pages\/46\/revisions"}],"wp:attachment":[{"href":"https:\/\/bollicine.org\/index.php?rest_route=%2Fwp%2Fv2%2Fmedia&parent=46"}],"curies":[{"name":"wp","href":"https:\/\/api.w.org\/{rel}","templated":true}]}}

<p>[vc_row css_animation=&#8221;&#8221; row_type=&#8221;row&#8221; use_row_as_full_screen_section=&#8221;no&#8221; type=&#8221;full_width&#8221; angled_section=&#8221;no&#8221; text_align=&#8221;left&#8221; background_image_as_pattern=&#8221;without_pattern&#8221;][vc_column width=&#8221;2/3&#8243;][vc_column_text]</p>
<p class="has-text-color has-luminous-vivid-orange-color wp-block-paragraph" style="font-size: 24px;">Contatti</p>

<p>&nbsp;</p>

<div class="wp-block-spacer" style="height: 30px;" aria-hidden="true"> </div>

<p>Potete trovarci presso nostro ufficio a Siena in via Franciosa 57 a Siena, dal lunedì al venerdì dalle 9 alle 13.</p>

<p>Il centro di riabilitazione equestre si trova a San Rocco, località Agresto, Sovicille (vedi mappa).</p>
<p class="wp-block-paragraph">&nbsp;</p>
<p><span style="color: #3366ff;"><strong>Email:</strong> <a style="color: #3366ff;" href="mailto:infolebollicine@gmail.com">infolebollicine@gmail.com</a></span></p>
<p><span style="color: #3366ff;"><strong>Telefono ufficio</strong>: 0577 286335</span></p>
<p><span style="color: #3366ff;"><strong>Telefono maneggio</strong>: 320 5649746</span></p>
<p><span style="color: #3366ff;"><strong>Telefono coordinatrice</strong>: 347 4022311</span></p>
<p>&nbsp;</p>
<p><span style="color: #3366ff;"></span></p>

<div aria-hidden="true"><span style="color: #000000;"><strong>Le nostre pagine social:</strong></span></div>
<p><a href="https://it-it.facebook.com/le.bollicine.96">Facebook: Bollicine</a></p>
<p><a href="https://it-it.facebook.com/CasaClementinaSiena/">Facebook: Casa Clementina</a></p>
<p><a href="https://www.instagram.com/lebollicinesiena/">Instagram: Le Bollicine Siena</a></p>
<p>&nbsp;</p>
<p>&nbsp;</p>
<p>&nbsp;</p>
<p>[/vc_column_text][/vc_column][vc_column width=&#8221;1/3&#8243;][vc_column_text]</p>
<p><span style="color: #3366ff;">Indicazioni per il maneggio</span></p>
<p>[/vc_column_text][vc_gmaps link=&#8221;#E-8_JTNDaWZyYW1lJTIwc3JjJTNEJTIyaHR0cHMlM0ElMkYlMkZ3d3cuZ29vZ2xlLmNvbSUyRm1hcHMlMkZlbWJlZCUzRnBiJTNEJTIxMW0xOCUyMTFtMTIlMjExbTMlMjExZDE0NTIuNjAxMTE0ODY4ODE5NCUyMTJkMTEuMjgzMzY0OTc1NzY2NjI0JTIxM2Q0My4yNjgxMzg5NDc4MjEwOSUyMTJtMyUyMTFmMCUyMTJmMCUyMTNmMCUyMTNtMiUyMTFpMTAyNCUyMTJpNzY4JTIxNGYxMy4xJTIxM20zJTIxMW0yJTIxMXMweDEzMmEyYTRkYTc3NmRhNDMlMjUzQTB4ODRhZmI0NTYyMmVkYmJhYSUyMTJzTG9jYWxpdCUyNUMzJTI1QTAlMkJDYWdnaW8lMjUyQyUyQjM4NSUyNTJDJTJCNTMwMTglMkJTb3ZpY2lsbGUlMkJTSSUyMTVlMCUyMTNtMiUyMTFzaXQlMjEyc2l0JTIxNHYxNTUwNzk0NTcwMjkyJTIyJTIwd2lkdGglM0QlMjI0MDAlMjIlMjBoZWlnaHQlM0QlMjIzMDAlMjIlMjBmcmFtZWJvcmRlciUzRCUyMjAlMjIlMjBzdHlsZSUzRCUyMmJvcmRlciUzQTAlMjIlMjBhbGxvd2Z1bGxzY3JlZW4lM0UlM0MlMkZpZnJhbWUlM0U=&#8221;][/vc_column][/vc_row]</p>

<p>[vc_row css_animation=&#8221;&#8221; row_type=&#8221;row&#8221; use_row_as_full_screen_section=&#8221;no&#8221; type=&#8221;full_width&#8221; angled_section=&#8221;no&#8221; text_align=&#8221;left&#8221; background_image_as_pattern=&#8221;without_pattern&#8221;][vc_column width=&#8221;2/3&#8243;][vc_column_text] Contatti &nbsp; Potete trovarci presso nostro ufficio a Siena in via Franciosa 57 a Siena, dal lunedì al venerdì dalle 9 alle 13. Il centro di riabilitazione equestre si trova a San Rocco, località Agresto, Sovicille&#8230;</p>
